15)/14*(-12)/9. Let d = x - v. What is the units digit of d?
0
Suppose -1 + 2 = d. Let y = 4 - d. What is the units digit of y/((-9)/(-12)) - -2?
6
Let r = -2652 - -4495. What is the hundreds digit of r?
8
Suppose 3619*q = 3614*q + 19255. What is the tens digit of q?
5
Suppose 7*l = -0*l + 2324. Suppose 30*p + l = 34*p. What is the tens digit of p?
8
Let a(h) be the second derivative of h**5/20 + 5*h**4/12 + 5*h**3/6 + 7*h**2/2 - h. Let t be a(-3). Suppose 11*s - 27 = t*s. What is the units digit of s?
7
Suppose -24*s - 8165 + 42581 = 0. What is the thousands digit of s?
1
Let j(d) = -d**2 + 7*d - 4. Let l be j(5). Suppose 0 = 10*q - l*q - 8. Suppose -20 - 40 = -q*k. What is the units digit of k?
0
Let c(o) = -o**2 - 3*o. Let a be c(-3). Suppose -2*g + 102 + 6 = a. Suppose -q - q = -g. What is the tens digit of q?
2
Suppose -591 = -2*d - q, 241 = -5*d - 3*q + 1718. What is the units digit of d?
6
Let f(p) = 2*p + 26. Let h be f(-12). Suppose -h = q + 2*n - 12, 16 = 2*q + 3*n. What is the units digit of q?
2
Suppose 42*v - 29*v - 59956 = 0. What is the hundreds digit of v?
6
Suppose -3*d - 1 + 4 = 0. Let z be (5*-2)/((-2)/d). Suppose z*g = 230 - 60. What is the units digit of g?
4
Let m = -152 - -337. What is the tens digit of m?
8
Suppose -17 = -5*r - 3*l - 7, 3*l = -3*r + 12. What is the tens digit of (-3*3)/(r*(-5)/(-60))?
0
Let n(k) = 2431*k**2 - 8*k - 8. What is the tens digit of n(-1)?
3
Suppose 5*l - 5*p - 1140 = 0, -364 = -5*l - 2*p + 748. What is the units digit of l?
4
Suppose 23*r - p - 7845 = 18*r, -5*r - 5*p = -7845. What is the tens digit of r?
6
Suppose -5*w + 16 = -14. Let v(r) = 9 + 51*r - 44*r + 9 - 7. What is the tens digit of v(w)?
5
Let s = -240 - -564. What is the tens digit of s?
2
Suppose g - 32 = -5*l, -2*l + 3*g + 15 + 8 = 0. Let a be (1 + -2)*(0 + 6). Let k = a + l. What is the units digit of k?
1
Suppose 68*x - 1080 = 65*x. What is the units digit of x?
0
Suppose -11105 = -40*s + 23255. What is the tens digit of s?
5
Let a = -24 + 306. What is the hundreds digit of a?
2
What is the tens digit of (-17055)/(-27) - 8/(-6)?
3
Let g = 249 + -97. Suppose 5*j + 3*r - 197 = 0, -g = j - 5*j - r. What is the units digit of j?
7
Suppose -3*i + d - 10 = 0, 5*i + 22 + 23 = -4*d. Let w(u) = -32*u**2 + 0 + 33*u**2 + 2*u - 6 - 1. What is the units digit of w(i)?
8
Suppose -9123 = 67*x - 124363. What is the tens digit of x?
2
Let t be (-2)/(-8) - (-15)/4. Suppose -2*g - 2*f + 158 + 106 = 0, 375 = 3*g - t*f. Suppose -5*k + a + 149 + g = 0, k - 46 = -3*a. What is the units digit of k?
5
Let g(i) = -2*i - 45. Let m be g(-24). Suppose -4*u + 306 = 3*x, -2*u - 293 = -m*x + 13. What is the units digit of x?
2
Let f(v) = -v**2 + 8*v + 5. Let d be f(11). What is the tens digit of 794/14 + (-8)/d?
5
Let h(f) = 24*f**2 + 19*f - 36. What is the units digit of h(2)?
8
Let x(v) = v**3 - 2*v**2 + 8*v + 4. What is the hundreds digit of x(7)?
3
Suppose 4*d = 3*i + 3141, 20*d - 16*d + 5*i = 3181. What is the hundreds digit of d?
7
Let s(m) = 2*m + 8. Let b be s(-2). Let a(q) = 13*q - 3 + 3 + 0 - 3. What is the tens digit of a(b)?
4
Suppose 2*n = 3*c - 2*c - 11, 0 = 5*c - 5*n - 45. Let a = -7 + c. Suppose -2*b + 64 = -a. What is the units digit of b?
2
Suppose -22*m + 559 = -27403. What is the units digit of m?
1
Let z be 2 - (-5 + 3) - 4. Suppose z = -3*v + 4*v - 46. What is the tens digit of v?
4
Let g = 33 + -31. What is the units digit of (((-93)/4)/3)/(g/(-56))?
7
Let d(t) = -2*t**2 + 5*t + 2. Let v(h) = 3*h**2 - 5*h - 3. Let f(w) = 4*d(w) + 3*v(w). Let l be f(-5). Let j = 13 + l. What is the tens digit of j?
1
Suppose -3*w - 11 = -5*y, 0 = -3*y - w + 2 + 13. Suppose -j + 359 = -5*r, -2*r - 139 = -y*j - j. Let l = 145 + r. What is the tens digit of l?
7
Suppose -1 = a, -3 = 3*d - 5*d + 3*a. Suppose 4*w + 4 - 32 = d. What is the units digit of w?
7
Let b(x) = x - 1. Let d be b(1). Suppose d = -5*p - p + 690. What is the tens digit of p?
1
Suppose -3*k + 39 + 0 = 0. Let m(p) = 3*p + 10. What is the tens digit of m(k)?
4
Suppose -5*p + x = -29, -3*x - 3 = p - x. Suppose p*g - 3*o = 337, -179 = -3*g - 0*o - 4*o. What is the units digit of g?
5
Let n(l) = l**2 - 7*l - 3. Let x be n(7). What is the tens digit of (-2)/x - (-10051)/57?
7
Suppose 74 = 5*w - 2*d, 5*w + d + 3 - 86 = 0. What is the tens digit of w?
1
Suppose -4*n - 6 = 82. Let r = n + 29. Suppose -10*c = -r*c - 63. What is the units digit of c?
1
Suppose -j = -c + 2, 5*c + 0*j - 10 = -2*j. Suppose 4*x - 117 = -c*r - r, 20 = r - 5*x. What is the units digit of r?
5
Let j = -2561 - -4674. What is the hundreds digit of j?
1
Let z be (2 - -1) + -5 - -6. Let p be (2*35)/(z/10). Suppose -5*u + s + 4*s = -p, -5*u + 2*s = -181. What is the units digit of u?
7
Let i(s) be the first derivative of -29*s**2/2 - 14*s + 20. What is the units digit of i(-5)?
1
Let l(v) = -20*v + v**3 - 3*v**2 - 4*v**2 + 3 + 24*v. Suppose -13*j = -10*j - 21. What is the units digit of l(j)?
1
Let q = 2 - -2. Suppose -2*l = 5*k - 26, 2*k = -2*l + 10 + q. Suppose 82 = k*d + 6. What is the tens digit of d?
1
Let w(n) = -n**2 + 5*n + 1. Let i be 2/(-3)*(3 + -9). Let s be w(i). Suppose 5*a = -s*z + 4*z + 298, 5*z - 290 = -5*a. What is the tens digit of a?
6
Suppose 3*q = m - 2*m - 20, -2*q = 8. Let b(k) = 4*k**2 + 12*k - 16. What is the tens digit of b(m)?
4
Suppose -48685 = 279*k - 292*k. What is the thousands digit of k?
3
Let x(p) be the third derivative of -1/12*p**4 + 2*p**2 + 0*p - 1/30*p**6 - 1/6*p**3 + 0 - 1/60*p**5. What is the units digit of x(-2)?
1
Suppose -z + 3*k - 52 = 0, -z + 2*k + 2*k - 56 = 0. Let x be (-9)/(-6)*z/(-6). Suppose -y - 4*q + x = 0, -3*q - 40 = 3*y - 7*y. What is the units digit of y?
0
Suppose -4*l + 41 + 20 = 5*z, 0 = 5*l - 4*z - 25. Let n(h) be the second derivative of h**4/12 - h**3 - 4*h**2 + 5*h + 1. What is the units digit of n(l)?
9
Let y(s) = 48*s - 18. Let m be y(3). Suppose 0 = -3*p + 177 + m. What is the hundreds digit of p?
1
Suppose -12*r = -11*r + 22. Let w = r + 27. Suppose 0 = -6*t + w*t + 41. What is the units digit of t?
1
Let p be (-30)/20*(75 - -1). Let b = p + 194. What is the tens digit of b?
8
Let m(s) = 16*s + 33. Let c be m(13). Suppose -573 = -3*u - 3*d, 0 = u + 4*d + 56 - c. What is the units digit of u?
3
What is the hundreds digit of (-8)/(-52) - 894349/(-247)?
6
Suppose 0 = 5*f + 3 + 7. Let x(a) = 2*a - 1 + a**2 - 2*a**3 - 4*a**3 + 6*a**3 - 3*a**3. What is the units digit of x(f)?
3
What is the units digit of (0 - -9) + 11940/60?
8
Let s be (0 + -1 + -3)*-4. Let p(a) = a**3 - 15*a**2 - 10*a - 7. Let n be p(s). Let w = n - 54. What is the tens digit of w?
3
Suppose n - 779 = -o, 5*o + 3*n = 8*n + 3925. What is the hundreds digit of o?
7
Suppose 0 = 3*k, -13*k - 1524 = -3*w - 9*k. What is the units digit of w?
8
Let d = 21 + -19. Let j = -8 + d. Let w = 55 + j. What is the tens digit of w?
4
Suppose -5314 = -11*a + 3618. What is the units digit of a?
2
Let q(f) = -f**3 + 7*f**2 - 4*f + 28. Let c be q(8). What is the tens digit of (c/8 - -4)/(2/(-8))?
1
Suppose -38*u = -48054 - 134916. What is the thousands digit of u?
4
What is the hundreds digit of (-194709)/(-287) - (-8)/14?
6
Suppose 4 = -19*s + 18*s, -3*v = 2*s - 5965. What is the units digit of v?
1
Suppose -223*k + 222*k = -337. What is the units digit of k?
7
Let t(i) = 2*i**2 - 98*i + 335. What is the units digit of t(52)?
7
Let l(a) be the second derivative of -17*a**5/5 - a**4/12 - a**3/3 - a**2 + 7*a. What is the units digit of l(-1)?
7
Let v(p) be the second derivative of -p**6/180 - 11*p**5/60 - 11*p**4/12 - 2*p. Let q(i) be the third derivative of v(i). What is the units digit of q(-7)?
6
Let d(g) = g**3 - 4*g**2 + 4*g - 6. Let o be d(3). What is the units digit of 170*(o - (-85)/25)?
8
Let q be 24 + (-3)/(-1) + 0. Suppose 6*g = 5*g + q. What is the units digit of (-2 + 0 - g)*-1?
9
Suppose -3*t + 5*f - 2 = 4*f, -t = f + 6. What is the units digit of (1/t)/((-8)/1648)?
3
Let r(s) = -6*s + 27. Let p be r(4). Let n = 3 + -3. Suppose n*z + p*z = 45. What is the units digit of z?
5
Let f(s) be the second derivative of -s**5/20 - 3*s**4/4 - s**3 - s**2/2 - 9*s. What is the tens digit of f(-10)?
5
What is the thousands digit of (-6)/7*(-1367968)/372?
3
What is the hundreds digit of 19923/11 + 120/(-660)?
8
